570?
True
Is 578396 a multiple of 28?
True
Does 15 divide 766041?
False
Does 493 divide 710362?
False
Is 1298588 a multiple of 28?
False
Does 140 divide 163940?
True
Does 22 divide 1628?
True
Does 54 divide 28634?
False
Is 192 a factor of 16527520?
False
Is 56 a factor of 215544?
True
Is 13 a factor of 478812?
False
Is 10795 a multiple of 127?
True
Is 99801 a multiple of 6?
False
Is 205424 a multiple of 16?
True
Does 1038 divide 7000272?
True
Is 649779 a multiple of 13?
True
Is 16 a factor of 1147424?
True
Is 84 a factor of 69170?
False
Does 82 divide 1357128?
False
Is 81 a factor of 40014?
True
Does 291 divide 410019?
True
Does 80 divide 104240?
True
Is 319 a factor of 114762?
False
Is 85962 a multiple of 6?
True
Is 406907 a multiple of 257?
False
Does 12 divide 10276700?
False
Is 947646 a multiple of 69?
True
Does 30 divide 7369350?
True
Is 579 a factor of 12046674?
True
Is 8 a factor of 1565576?
True
Is 5 a factor of 354565?
True
Is 36 a factor of 551076?
False
Is 76 a factor of 1595628?
False
Does 697 divide 961163?
True
Does 85 divide 568971?
False
Does 887 divide 2568752?
True
Is 243 a factor of 1386072?
True
Is 4539743 a multiple of 125?
False
Is 148 a factor of 554422?
False
Is 10 a factor of 5226320?
True
Is 64640 a multiple of 16?
True
Is 102 a factor of 3853?
False
Is 75 a factor of 7901850?
True
Is 1061320 a multiple of 314?
True
Is 836 a factor of 7344826?
False
Is 1916406 a multiple of 138?
True
Is 386 a factor of 5804293?
False
Is 457200 a multiple of 360?
True
Does 39 divide 63102?
True
Is 10 a factor of 2276949?
False
Is 9 a factor of 859203?
True
Is 46 a factor of 551632?
True
Is 72 a factor of 806591?
False
Is 23 a factor of 90436?
True
Is 28 a factor of 4681994?
False
Is 6821822 a multiple of 14?
True
Is 5 a factor of 4477?
False
Does 5 divide 463850?
True
Does 29 divide 2880269?
False
Is 21 a factor of 290014?
False
Does 380 divide 4678780?
False
Is 380 a factor of 220772?
False
Is 7 a factor of 230885?
False
Does 40 divide 4365858?
False
Is 16576 even?
True
Does 292 divide 266046?
False
Is 230432 a multiple of 152?
True
Is 686462 a multiple of 117?
False
Does 19 divide 77442?
False
Is 334 a factor of 364728?
True
Does 135 divide 2519133?
False
Is 25 a factor of 452900?
True
Does 5 divide 179229?
False
Is 448 a factor of 259840?
True
Does 9 divide 288810?
True
Is 2641536 a multiple of 48?
True
Is 2 a factor of 2864?
True
Does 29 divide 52508?
False
Is 11864496 a multiple of 28?
True
Does 674 divide 287798?
True
Does 75 divide 330903?
False
Is 1029 a factor of 1899534?
True
Does 18 divide 95886?
True
Does 80 divide 262982?
False
Is 8086717 a multiple of 524?
False
Is 37 a factor of 968179?
True
Is 25 a factor of 272784?
False
Does 12 divide 119358?
False
Is 289914 a multiple of 6?
True
Is 23325624 a multiple of 36?
True
Is 106296 a multiple of 129?
True
Is 1384825 a multiple of 845?
False
Is 403373 a multiple of 199?
True
Is 24 a factor of 506197?
False
Is 20 a factor of 326720?
True
Does 99 divide 102465?
True
Is 459 a factor of 1624395?
False
Is 213 a factor of 228975?
True
Is 37370 a multiple of 5?
True
Is 706 a factor of 4240236?
True
Does 8 divide 232461?
False
Does 188 divide 125396?
True
Is 4 a factor of 3027349?
False
Does 24 divide 348840?
True
Does 68 divide 75185?
False
Does 153 divide 1481121?
False
Is 223 a factor of 1761031?
True
Does 10 divide 141049?
False
Is 20982 a multiple of 26?
True
Is 109245 a multiple of 15?
True
Does 13 divide 2912?
True
Is 366314 a multiple of 18?
False
Does 33 divide 565433?
False
Is 8450459 a multiple of 47?
True
Does 62 divide 1717896?
True
Does 9 divide 55278?
True
Does 395 divide 109163?
False
Is 267662 a multiple of 235?
False
Is 3326463 a multiple of 931?
True
Is 1057740 a multiple of 170?
True
Is 6624960 a multiple of 96?
True
Is 114 a factor of 272916?
True
Is 5824332 a multiple of 36?
True
Is 31 a factor of 2130362?
False
Is 2332532 a multiple of 305?
False
Is 534835 a multiple of 36?
False
Is 30 a factor of 5255709?
False
Is 47476 a multiple of 286?
True
Is 368 a factor of 432879?
False
Is 183 a factor of 3633648?
True
Does 507 divide 139488?
False
Does 4 divide 511820?
True
Is 9286 a multiple of 4?
False
Does 227 divide 332234?
False
Is 20 a factor of 4848836?
False
Is 984632 a multiple of 268?
True
Is 11 a factor of 9308310?
True
Is 202 a factor of 9906080?
True
Is 1437218 a multiple of 69?
False
Is 230 a factor of 537143?
False
Is 309 a factor of 253689?
True
Does 677 divide 2395226?
True
Is 3311889 a multiple of 716?
False
Is 6 a factor of 352362?
True
Does 9 divide 417987?
True
Does 51 divide 73389?
True
Does 44 divide 200106?
False
Does 313 divide 499861?
True
Does 6 divide 2194898?
False
Is 195804 a multiple of 222?
True
Does 14 divide 14455963?
False
Does 40 divide 24299?
False
Is 3 a factor of 1340607?
True
Does 16 divide 4337232?
True
Is 65 a factor of 771615?
True
Is 175638 a multiple of 438?
True
Is 54984 a multiple of 24?
True
Does 665 divide 786695?
True
Does 13 divide 2057558?
False
Does 159 divide 55579?
False
Is 300502 a multiple of 345?
False
Does 31 divide 134635?
False
Is 4133046 a multiple of 53?
True
Does 18 divide 1523682?
True
Is 362 a factor of 3441172?
True
Does 293 divide 2128059?
True
Is 21 a factor of 10836973?
False
Does 62 divide 5063238?
False
Is 25 a factor of 30823787?
False
Is 165841 a multiple of 10?
False
Does 50 divide 209750?
True
Is 39384 a multiple of 6?
True
Is 7778300 a multiple of 949?
False
Is 2206665 a multiple of 45?
True
Is 115 a factor of 42405?
False
Does 16 divide 456544?
True
Is 18 a factor of 8537832?
True
Does 29 divide 5456400?
False
Is 88 a factor of 178464?
True
Does 1861 divide 20489408?
False
Is 51 a factor of 175950?
True
Does 54 divide 108594?
True
Is 1469754 a multiple of 286?
True
Is 8 a factor of 144340?
False
Is 13 a factor of 792417?
False
Is 4618 a multiple of 87?
False
Is 86996 a multiple of 14?
True
Is 1519105 a multiple of 5?
True
Does 110 divide 84810?
True
Does 12 divide 166104?
True
Is 1253566 a multiple of 34?
False
Is 593 a factor of 593000?
True
Is 4 a factor of 53784?
True
Is 114648 a multiple of 68?
True
Is 119 a factor of 223244?
True
Is 161799 a multiple of 33?
True
Is 1422520 a multiple of 671?
True
Does 157 divide 1597532?
False
Does 439 divide 9303727?
True
Is 70875 a multiple of 125?
True
Is 176 a factor of 1994432?
True
Does 63 divide 1875825?
True
Does 65 divide 1262895?
False
Is 5021118 a multiple of 13?
False
Is 83 a factor of 1138428?
True
Is 5 a factor of 128277?
False
Is 17 a factor of 262761?
False
Does 11 divide 9988?
True
Is 108 a factor of 31061?
False
Does 17 divide 152626?
True
Is 10 a factor of 4438756?
False
Does 139 divide 2794456?
True
Is 15 a factor of 4635?
True
Does 13 divide 52715?
True
Does 432 divide 102384?
True
Is 122 a factor of 8920?
False
Is 23 a factor of 166950?
False
Does 34 divide 3374995?
False
Is 3790809 a multiple of 59?
True
Is 26 a factor of 3071798?
False
Is 56524 a multiple of 3?
False
Does 306 divide 1666476?
True
Does 345 divide 362900?
False
Does 68 divide 84184?
True
Is 768451 a multiple of 289?
True
Does 13 divide 264961?
False
Is 4823676 a multiple of 117?
True
Is 19 a factor of 85471?
False
Does 13 divide 1506024?
True
Is 65871 a multiple of 13?
True
Does 13 divide 11409293?
False
Does 9 divide 3309210?
True
Is 6 a factor of 35062?
False
Does 448 divide 765632?
True
Is 130 a factor of 115310?
True
Is 885 a factor of 879975?
False
Is 312 a factor of 6399806?
False
Is 860 a factor of 895260?
True
Is 657579 a multiple of 23?
False
Is 1475889 a multiple of 17?
True
Is 327 a factor of 549682?
False
Is 29782 a multiple of 52?
False
Does 3 divide 68069?
False
Is 266490 a multiple of 329?
True
Is 285 a factor of 3904785?
True
Does 2067 divide 8387814?
False
Does 107 divide 12295101?
False
Is 130 a factor of 616548?
False
Does 398 divide 192234?
True
Is 342616 a multiple of 226?
True
Is 8982 a multiple of 4?
False
Is 99 a factor of 467839?
False
Is 224 a factor of 72714?
False
Does 46 divide 392971?
False
Is 25 a factor of 764900?
True
Is 10 a factor of 61202?
False
Is 2398336 a multiple of 82?
True
Is 82289 a multiple of 71?
True
Is 332052 a multiple of 84?
True
Is 4 a factor of 8391?
False
Does 897 divide 6563349?
True
Does 60 divide 4568520?
Tru